9270 - 191251 = -y. Is y a composite number?
True
Let y = -403587 - -776480. Is y a composite number?
True
Let y = 106571 - 41004. Is y prime?
False
Let n(y) = -2*y**3 - 3*y**2 - 7*y - 14. Let h be n(-2). Let k be -452*(-2)/((-8)/(-26)). Suppose 5*s - 3*s - k = -2*o, 5852 = h*s - 2*o. Is s prime?
False
Suppose -3*k + 8 = 2. Let d be 8*(0 - 89)*k. Let f = -637 - d. Is f prime?
True
Let u(k) be the third derivative of 29*k**5/10 - k**4/8 + 11*k**3/6 + k**2. Suppose -18*p - 34 = -35*p. Is u(p) prime?
True
Let c(q) = -q**2 - 5*q - 5. Let s be c(-5). Let y(l) = 11*l - 559. Let k be y(50). Is (15/k)/s*2547 prime?
False
Let d = 176 + -141. Is 90272/d + 3/(-15) a prime number?
True
Suppose 2*y = 3*r + 16, -2*y + 11 - 3 = -r. Suppose 4*j - b - 1228 = 3*j, -y*j + 2457 = -b. Is j a prime number?
True
Let k(m) = -6795*m**3 + 9*m**2 - 69*m - 402. Is k(-5) composite?
True
Let a(g) = -303*g + 75. Let i(u) = 1214*u - 299. Let m(k) = 9*a(k) + 2*i(k). Is m(-10) a composite number?
False
Suppose 15 = 28*n - 25*n. Let t be (1 + -2 + 2)/(n/20). Is (t + 1)*(-3)/5 + 146 a prime number?
False
Let s = 491 - 211. Suppose s = 4*r + 4*t, -3*t + 76 = 2*r - 62. Is (1346/4)/(5 + r/(-16)) prime?
True
Is (520/24)/(-13)*(-3075318)/6 a composite number?
True
Let s be 11*(-175)/275 + 1 + 0. Let o(d) = 83 - 34*d - 87*d - 28. Is o(s) a composite number?
True
Suppose 0 = -2*l - 2*b + 713 + 75, 3*b - 783 = -2*l. Let y(c) = -8*c + 50. Let a be y(-16). Let f = l - a. Is f composite?
True
Suppose 2*w - 35*k = -38*k + 129416, -k - 2 = 0. Is w a composite number?
True
Let k(y) = 476*y**2 - 64*y + 3867. Is k(34) composite?
True
Suppose c - 3*r - 67954 = 0, 265641 = 3*c + 5*r + 61849. Is c prime?
True
Suppose 4 = 2*j - 0*j. Suppose j*p = -f + 71 + 82, -2*f + 308 = 2*p. Is f prime?
False
Let m be (-1)/1 + (0 - -1). Suppose -4 = -s, k + 3*s = 6*k - 2*s. Suppose -h - h = k*l - 810, m = -2*l - 8. Is h composite?
True
Suppose 0 = 96*a + 75224 + 8648601 - 72941009. Is a composite?
False
Let o(a) = -160*a**2 + 4*a + 13. Let w(k) = -159*k**2 + 3*k + 12. Let r(i) = 5*o(i) - 6*w(i). Is r(-3) composite?
False
Is -22 - (-54)/6 - -13530 prime?
False
Let j(i) = 4551*i - 1105. Is j(24) a prime number?
False
Let q(c) = -4376*c + 23. Let u be q(-22). Is -2*(-7 - u/10) composite?
False
Suppose 25*s + 8*s - 275481 - 553182 = 0. Is s a composite number?
False
Let w(f) = -f**3 - 5*f + 11633. Let h(q) = -25*q + 25. Let m be h(1). Is w(m) composite?
False
Let k be 3/(-2 - 7) - 4540/(-3). Let m = k + -1011. Suppose 0 = 2*v + g - 153 - 99, 3*g - m = -4*v. Is v a prime number?
True
Let o be (8/12 - 0)*9. Let n be -2 + 2*(4 - o). Is 9 + n + (1691 - 1) prime?
True
Suppose 0 = -2*b + x + 135353, -4*b + 270736 = -3*x + 7*x. Is b a composite number?
False
Suppose q = 0, -5 = -5*f - 4*q - 0. Suppose 3*x + 8 = -f, 2*h - 547 = x. Let t = 570 - h. Is t composite?
True
Suppose 1 = -10*u + 11*u. Let h(d) = -5*d**2 - 2*d + 1. Let a be h(u). Let s = 99 + a. Is s composite?
True
Suppose 20*n + 975 = y + 22*n, -n - 2960 = -3*y. Suppose j - y = 1332. Is j a composite number?
True
Is ((-2)/2 + 3)*6922494/828 a prime number?
False
Let u(d) = 1255*d**3 - 20*d + 3. Let z(j) = -419*j**3 + 7*j - 1. Let h(f) = -4*u(f) - 11*z(f). Is h(-3) a composite number?
False
Let g be -2*-1*(5 + -3). Suppose g = -2*t + 10. Suppose 5*k + 3*r = r + 509, t*r - 300 = -3*k. Is k composite?
False
Suppose 0 = -p + 2*h - 8, -4*p + p + 2*h = 8. Suppose 2*r + 3*j + 480 = -r, 3*r - j + 480 = p. Let s = 23 - r. Is s prime?
False
Suppose 66 = 12*o - o. Suppose 944 + 5560 = o*y. Suppose 0 = -4*c - 4*z + y, -c + 2*z + 18 = -241. Is c composite?
True
Let w = 247886 + -151695. Is w a prime number?
False
Let m be (12/(-6)*-1)/(2/(-316)). Let z = 290 - m. Suppose -5*q + z + 3989 = 0. Is q a composite number?
False
Let r(m) = m**2 + 8*m + 2. Let x be r(-8). Suppose 1885 = 3*o + x*o. Suppose -4*u - l = -1578, 2*u - 2*l - o = 417. Is u composite?
True
Suppose 25*i - 41884 - 28016 = 0. Suppose 3334 = 5*d - i. Is d prime?
False
Let f = 3403 - -855. Is f prime?
False
Let m be (-72)/(-9) - (-1991312)/8. Suppose -34*x - m = -52*x. Is x a prime number?
True
Suppose -2*p = -2*s - 2*s + 38, -2*s - 3*p + 23 = 0. Suppose 5*b - 5*a = -9*a + 13993, -5*a = -s. Is b a prime number?
True
Let w(k) be the first derivative of -7*k**3 + k**2 + 11*k + 19. Let u be w(6). Let s = -414 - u. Is s a composite number?
True
Let v = -44 + 53. Let o be (v + -10)/(3/(-24)). Suppose 5743 = o*c - 1633. Is c a composite number?
True
Let w = -25854 - -36563. Is w a prime number?
True
Suppose 6*s = -0*s + 31848. Let v = 9842 - s. Is v prime?
False
Let n(z) be the second derivative of -z**4/12 - z**3/2 + 47*z**2 - 68*z. Is n(0) a prime number?
False
Suppose -3*b + 206 = 4*h, 7*h - 2*h - 259 = -3*b. Let u be (h - -5) + -4 - 4. Suppose 0 = -42*t + u*t - 7608. Is t prime?
False
Is (255/34 + -6)*(1 + 128422/6) prime?
False
Suppose -64*y - 28 = -71*y. Suppose y*p + 3779 = m, 2*m - 3*p = 3884 + 3689. Is m composite?
True
Let g(y) = 7 + 11629*y + 4*y**2 - 11642*y + 4*y**2. Is g(44) prime?
True
Let z be -5 - 6*1/2. Let c be (-84)/49 - (z/14)/(-2). Is (-13092)/(-9 + 5) + c composite?
False
Is ((-8682)/8)/(5 + (-4081)/812) composite?
True
Suppose -5*j + 2*r = -33573, -r = -j + 3*r + 6711. Let z = j - 1447. Let y = z - 3454. Is y a composite number?
True
Suppose -3*g - 68 = -0*b + b, 4*g + 78 = 5*b. Let d = 25 + g. Is -1 + -2 + 51/d composite?
True
Let b = -133 - -145. Is 108280/b - 3/9 a composite number?
True
Suppose 5600*l = 5606*l - 962994. Is l a prime number?
True
Let g be ((0 - 2) + 22)*52/104. Is 2/((-4)/g)*495566/(-310) prime?
True
Let x(z) = -z**2 - z - 3. Let c(o) = 6*o**3 - 15*o**2 - 47*o + 12. Let s(r) = -c(r) - 3*x(r). Is s(-14) a prime number?
True
Suppose -2*f - 5*w = -213004, -319491 = -3*f + 39*w - 44*w. Is f prime?
True
Let u(x) = 273*x + 4. Suppose 0 = 5*z - 3*c - 54, 2*c = -z - 3*c - 6. Is u(z) prime?
False
Let j(s) = 2570*s**2 - 12*s + 15. Let t be j(2). Let z = 1686 + t. Is z composite?
True
Suppose -n + 3*u + 563 = -754, 2*n + 2*u - 2626 = 0. Let i = 1178 + -579. Suppose 4*z - 1036 - i = -5*m, 4*m - n = -2*z. Is m prime?
True
Suppose -2351088 = -8*s + 5*s + 3*o, -4*s + 3134768 = 4*o. Is s prime?
False
Suppose 29*c - 14748 = 15122. Let j = c + -773. Is j prime?
True
Let n(b) = 2*b**2 - b - 2. Let w be n(4). Let g(k) = -k**3 - 8*k**2 + 17*k - 11. Let a be g(-11). Let f = a + w. Is f prime?
True
Let k be 0/((-2 - -2) + -2). Suppose -3*c + m = k, 0*c - 2*m = 5*c. Suppose 2*d - g - 163 = c, -5*d + 415 = -7*g + 3*g. Is d prime?
True
Is ((-132374)/4 + 60/24)/(-1) a prime number?
True
Suppose -6*c + 529780 = 4*c. Let g = -31199 + c. Is g a composite number?
True
Let u = 7622 - 1616. Let r = -4182 + u. Suppose -4*q - 2*i + 5906 = 0, q = 5*i - 342 + r. Is q prime?
False
Let o = -286153 + 617782. Is o prime?
False
Suppose 161*z = 12472925 + 10090098. Is z prime?
True
Let p(f) = -207*f**3 + 17*f**2 + 10*f - 1. Let r be p(-7). Is 2/(-21) + r/63 a composite number?
True
Let x be (73818/(-15))/((-2)/5). Suppose x = -11*k + 14*k. Is k prime?
False
Let v(p) = 4*p**3 + 8*p**2 + p - 14. Let k(n) = n**3 + n**2 + n + 35. Let i be k(0). Let b = i - 28. Is v(b) a prime number?
False
Let i(b) = -b**2 + 6*b - 1. Let n be i(7). Let t(r) = 24 - 29 - 2*r**3 + 13*r + 2 - r**2. Is t(n) a prime number?
True
Suppose 0 = 23*l + 500821 - 60946. Let a = 32771 + l. Is a a composite number?
True
Suppose 4*p - 11*p - 6*p = 0. Suppose q - 5 = o, p*o + 2*q - 14 = 4*o. Is (1 - o)/((-12)/(-2344)) prime?
False
Suppose 0 = -p - 2*n + 11017, -155*n - 55150 = -5*p - 152*n. Is p composite?
False
Suppose 5*n - 4949892 = 3*i, -35*i + 1979961 = 2*n - 32*i. Is n composite?
True
Suppose -84 = 3*r + 3*r. Let y = 14 + r. Suppose -4*v - i + 388 = y, i - 388 = -4*v + 2*i. Is v prime?
True
Let u = -1323 - -2051. Let b = 411 - u. Let z = b - -574. Is z composite?
False
Let r = -913692 + 1712783. Is r a prime number?
True
Suppose -h = n + 252 - 3531, -6552 = -2*h - n. Is h prime?
False
Suppose 3*m = b - 14, 6*b - 9*b - 2 = 2*m. Suppose b*x + 23190 = 2*g, -18485 = -3*g - 2*x + 16280. Is g composite?
True
Let v(s) be the second derivative of -47*s**3/6 + 10*s**2 + 28*s. Let c be v(6). Let j = c + 368. Is j prime?
False
Suppose -16*k = -46*k + 209301